 62/(-6)*((-6)/2 + 0). Suppose -27*h = -g*h + 16332. Is h composite?
True
Suppose -2*h = -38*n + 43*n - 30903, 3*n = -4*h + 61799. Is h composite?
True
Let a = -119 + 124. Suppose -3*b - k = -1142, 0*k - k - 1906 = -a*b. Is b composite?
True
Let z(n) be the first derivative of n**4/4 + 2*n**3 + 3*n**2/2 - 27. Let p be z(-2). Suppose p*g - 6*g = -q + 3645, 0 = -4*q + 4. Is g a composite number?
False
Let q(a) = a**2 - 4*a + 6. Let m be q(2). Suppose -v = 2*t - 945, 5*v - m*t - 4790 = t. Suppose d + v = 5*w - 1255, 4*w - d - 1767 = 0. Is w a prime number?
True
Is (-49 - -59)*(-66835)/(-50) a prime number?
True
Suppose 0 = 2*w - 2*v + 10, -3*w + 4*v = 13 - 2. Let r(l) = -235*l**2 - 11*l - 15. Let i be r(w). Is i/(-7) + 24/(-84) prime?
True
Suppose 0*p + 2*r + 22 = 2*p, -5 = r. Suppose p*t - 2*t = 24. Suppose 4*m - 2530 = -t*m. Is m prime?
False
Let a(u) = u**2 - 13*u - 25. Let l be a(15). Suppose 0 = -m - 2*h + 7615, -4*m + l*h = m - 38075. Is m composite?
True
Suppose -33*l = -27*l + 73068. Let q = 18939 + l. Is q composite?
False
Suppose 6*z = -3*x + 5*z - 36, 2*x - 3*z + 35 = 0. Is (-2)/x + 15930/390 + -4 a prime number?
True
Let v(l) = -5*l**3 - 253*l**2 + 333*l - 69. Is v(-85) composite?
True
Let c = 267 - -397. Suppose -q - c = -5717. Is q a composite number?
True
Suppose -3*u - 189 = -0*u - 3*g, -3*g - 79 = u. Let d = 1100 - 776. Let x = d + u. Is x a composite number?
False
Suppose 2*n + 6490 = -9*n. Let s = n - -885. Is s prime?
False
Is (-33336)/(126/(-21)) + (-2 - -3 - -6) prime?
True
Let b be -24655*(5 + 147/(-35)). Let w = 33103 + b. Is w a composite number?
True
Suppose 26863 = f - 204. Suppose -7*s + 10*s = -4*n + 20299, -f = -4*s - 5*n. Is s composite?
True
Let r(g) = 7*g**2 - 43*g + 9. Let t be r(6). Suppose -5*i = -2*i - t*p - 1455, 2*p + 1459 = 3*i. Is i a composite number?
True
Suppose 11*v = 12*v - 4*o + 2299, 0 = 2*v - o + 4598. Let w = -1230 - v. Is w composite?
False
Suppose 0 = 3*w - 4*o - 42, -4*w + 6*o = o - 56. Suppose -4*h + w*h = 9140. Suppose -h = -12*r + 7090. Is r composite?
True
Suppose 3*z - 9 = -4*b + b, 0 = -3*z + 3*b + 27. Let o(h) = 12*h + z*h + 2 + 2*h. Is o(4) a composite number?
True
Let c(b) = 220*b**2 - 2*b + 1. Suppose 20 = 4*t - 3*q, -t + 2*q + 0 = -5. Suppose 0*a + t*a - 10 = 0. Is c(a) a prime number?
True
Let s(x) be the first derivative of 129*x**2/2 - 2*x - 132. Is s(1) prime?
True
Suppose -37962 = 2*c - 132184. Is c prime?
True
Let x = 60184 - 37361. Is x a prime number?
False
Let o(w) = 273*w - 5. Let c be (-4 + -3 + 8)*-5. Let g(d) = d**2 + 9*d + 24. Let b be g(c). Is o(b) prime?
True
Suppose 88497 = 7*z - 40688. Suppose -4*q + 7382 = 2*m, 3*m - 4*q = -2*m + z. Is m composite?
False
Let r be (-1*(-1180)/(-8))/((-2)/4). Suppose -4*a = -r - 293. Let z = -94 + a. Is z prime?
True
Suppose 16*m - 2174589 - 5278517 = 593406. Is m composite?
True
Let n(o) = 28*o + 27. Let w(s) = 28*s + 25. Let m(b) = 7*n(b) - 6*w(b). Is m(5) a prime number?
True
Suppose 2*r - 5535 = -q, 39*r = 4*q + 35*r - 22188. Let z = q - 1416. Is z a composite number?
False
Let t be (-1)/(15/35 - 39/42). Suppose t*u + 7*u + 81 = 0. Is (3/u)/(3/(-9279)) prime?
True
Let x = -124186 - -376017. Is x a prime number?
True
Suppose -6*w + 2*w + 78868 = -5*s, -4*w + 78868 = -3*s. Is w composite?
False
Let l(t) = t**2 - t - 46. Let m be l(-7). Suppose o = m*o - 14067. Is o a prime number?
False
Suppose -z - 2*y = -84, -4*y = -3*z - z + 372. Suppose 206*k - 201*k - 40 = 0. Suppose 2*o - k*o = -z. Is o a composite number?
True
Is (2 - 8)/((-48)/196568) prime?
True
Let r = 178 + -91. Is r*4/(12/7) composite?
True
Let a(h) = 299*h**3 - 3*h**2 + 22*h + 1. Is a(4) a prime number?
False
Let b(c) = 7557*c**2 + 94*c + 499. Is b(-14) a prime number?
False
Is (-1*1 - 0)/(2508/(-37993692)) prime?
True
Suppose 0 = -11*c - 37760 + 993913. Is c composite?
False
Let j = -472664 - -690621. Is j prime?
False
Let o(m) = -3*m**2 - 14 + 6*m**3 - 23*m**2 - 20*m + 2*m**3 - 9*m**3. Is o(-27) prime?
False
Suppose -2*j = i + 389, 178 + 610 = -4*j - 4*i. Let l = j - -415. Is l a prime number?
True
Suppose 2*k + 2*k = 67552. Suppose 48*u - k = 44*u. Is u a composite number?
True
Let r = 144 + -136. Suppose 2*y = 4*a + r, -3*a - 2*a - 16 = -4*y. Is ((-575)/(-2) + 4)/(2/y) a composite number?
True
Let y(w) = w**3 + 7*w**2 + 4. Let v be y(-7). Suppose v*d - 9*d = -9335. Is d composite?
False
Let t = 31 + -102. Suppose q - 662 = -4*n + 50, -3*q + 2136 = -4*n. Let j = q + t. Is j composite?
False
Suppose 4*d - 4*l - 2021296 = 0, d + 1372*l - 505317 = 1374*l. Is d a composite number?
True
Suppose 171312 = 16*q + 29168. Suppose n - k - k - 1779 = 0, k = -5*n + q. Is n a prime number?
True
Let d = -176 + 114. Let t = 67 + d. Suppose 360 = 2*k + 2*n, t*n + 195 = k + 3*n. Is k a composite number?
True
Suppose -17 = -3*a - j, -3*a - 15 + 12 = -3*j. Suppose 139030 = a*v + 3*b - 2*b, -5*v + b + 173783 = 0. Is v a prime number?
True
Let f be 3/((-18)/(-4))*12/8. Suppose -3*w - f = -4. Is (0 - -5211 - w)/(0 + 2) a composite number?
True
Suppose -1340 = 22*m - 27*m. Let c = m - -1051. Is c prime?
True
Let y(k) = 17*k + 2. Let z(q) = -19*q - 4. Let s be z(-1). Let v be y(s). Let j = v + -10. Is j a prime number?
False
Let r = 450069 + -167272. Is r prime?
True
Let s(a) = -823*a + 15. Is s(-56) a prime number?
True
Suppose -89 = -a + 1. Let c = a + -87. Is 2 - ((2 - 394) + c) a composite number?
True
Let g(h) = -2*h**3 - 22*h**2 - 20*h + 13. Let y(x) = 4*x + 3. Let p(s) = s + 1. Let f(q) = 3*p(q) - y(q). Let u(z) = -4*f(z) + g(z). Is u(-15) prime?
True
Let g be 1/4 - (-35)/20. Suppose 0 = g*h - 10, -4*p + 0*h - 2 = -2*h. Suppose j + 3*o - p*o - 7 = 0, -59 = -5*j + o. Is j a composite number?
False
Let n = 1 - 0. Suppose 0 = 9*b - 6*b - i - 51, 5*i + 75 = 5*b. Is b/(-6) + n + 1365 + -2 a prime number?
True
Let r = -85 + 86. Let f be (-18 - -13)*(-2)/(-1 - r). Is -633*((140/6)/f - -1) a prime number?
False
Suppose y + 68*m - 72*m + 12 = 0, 0 = 5*y + 5*m - 15. Let i = 20 + -14. Suppose i*f - 4910 - 2464 = y. Is f prime?
True
Let h = -178210 - -251769. Suppose -h = -6*l - 11*l. Is l composite?
False
Suppose r = -12190 + 79802. Suppose 5*x - 67611 = 4*n, -4*x = x - 3*n - r. Is x prime?
True
Let u(v) = 64*v**3 + 10*v**2 - 14*v - 43. Is u(7) a prime number?
False
Suppose 2*u - 302 = -48. Let f = 425 + u. Suppose -2*b + f = -534. Is b a composite number?
True
Suppose -12 = -4*s, 7*z + s = 3*z - 153. Let t = -37 - z. Suppose -t*y - a = -8306, -6*a = -2*a. Is y a composite number?
False
Suppose -t + 21 = -5*k, t + 4*k = 8*k + 16. Let p be ((-1)/(-4)*5)/((-1)/t). Suppose -p*i + 0*i + 415 = 0. Is i composite?
False
Let o(m) = 2*m**2 + 170*m - 167. Is o(72) a composite number?
False
Let w be (20/5 - 9)/(-1). Suppose 0*p + w*r = -4*p + 10027, 4*r = p - 2491. Is p prime?
True
Let a(f) = -100 + 186 + 8*f - 99 - f**2. Let s be a(3). Suppose 4*m + 14301 = 9*m + 4*n, 5*m - 14293 = -s*n. Is m a composite number?
False
Suppose 70 = -3*s + 13*s. Suppose -s*t = -10*t + 1455. Is t prime?
False
Let h = -30121 + 172520. Is h a prime number?
False
Let q be ((-15)/(-25))/(8/6034440). Suppose 44*t - q = -80387. Is t composite?
True
Suppose 28*c - 16*c = 9*c + 89109. Is c a prime number?
False
Suppose 8306 = s - 3*h, 3*s - 16124 = 3*h + 8794. Suppose -12*o = -10*o - s. Is o a prime number?
True
Suppose -157*o + 5*h = -163*o + 376498, -5*h + 313745 = 5*o. Is o a composite number?
False
Let j(y) = 3*y**2 + y. Let o be j(-1). Let g(x) = -87*x - 5. Let v(m) = 2*m - 3. Let b(s) = -g(s) + 4*v(s). Is b(o) composite?
True
Suppose -3*d - 45*z + 49*z + 2949927 = 0, 3*d - z = 2949945. Is d a composite number?
False
Let k be -3 - (17/51 + 184484/(-6)). Suppose 0*j + 4*a - k = -4*j, 3*j = -4*a + 23059. Suppose -1917 = -r - 4*m, 4*r - j = 5*m - 4*m. Is r composite?
True
Suppose -3*d - 18974 - 22064 = -4*i, 3*i + 2*d = 30787. Is i prime?
False
Let b be 11*(0 + (-93)/(-1)). Let u be (-18)/(-207) + (-1)/((-115)/195720). Let h = u - b. Is h a composite number?
True
Is (23222 + 3)*(42/10 + -4) composite?
True
Let k = 545573 + 594518. Is k a composite number?
False
Suppose -52*z = -225808 - 163568. Let p = z - -19983. Is p prime?
False
Let j(u) = 2548*u**2 + 140*u - 179. Is j(-18) a composite number?
False
Suppose -62900 + 51465